{"id":6,"date":"2023-10-11T14:05:57","date_gmt":"2023-10-11T12:05:57","guid":{"rendered":"https:\/\/www.schuerig.de\/gisbert\/?page_id=6"},"modified":"2025-10-02T22:01:27","modified_gmt":"2025-10-02T20:01:27","slug":"gisbert-schuerig","status":"publish","type":"page","link":"https:\/\/www.schuerig.de\/gisbert\/gisbert-schuerig\/","title":{"rendered":"\u00fcber mich"},"content":{"rendered":"\n<p>Ich bin Musiker und Musikp\u00e4dagoge. Musikalische Herangehensweisen, die mir besonders am Herzen liegen sind Improvisation und Community Music. Bevorzugte musikalische Mittel sind analoge Synthesizer und Musiksoftware, Oberton- und Kehlgesang sowie Gitarren in elektrischer und akustischer Form.<\/p>\n\n\n\n<p>Ich bin Mitglied im <a href=\"https:\/\/communitymusicnetzwerk.de\/\">Community Music Netzwerk<\/a> und Vorstand beim Verein in Gr\u00fcndung <a href=\"https:\/\/www.lev-berlin.de\/\">lev &#8211; Vermittlung Elektronischer Musik<\/a>.<\/p>\n\n\n\n<p>Meine musikp\u00e4dagogischen Angeboten richten sich vor allem an Einsteiger- und Umsteiger*innen. Schon viel Klavier gespielt, aber noch nie mit Musiksoftware gearbeitet? Ausgiebig Erfahrung mit Synthesizern gesammelt, aber noch nie Noten gelesen? Herzlich willkommen!<\/p>\n\n\n\n<p>Ich habe selber viel in Bands gespielt, mich aber auch mehrere Jahre an Universit\u00e4t und Musikhochschule mit klassischer Gitarre und Musiktheorie besch\u00e4ftigt. Einen Abschluss habe ich dann allerdings nicht in Musik, sondern als Diplom-P\u00e4dagoge an der Universit\u00e4t zu K\u00f6ln gemacht.<\/p>\n\n\n\n<p>Was ich nicht biete: Training, um im Wettbewerb um Klicks und Plays die musikalische Konkurrenz zu \u00fcberbieten. Dabei kommt auch tolle Musik heraus, aber mir liegt es mehr, Musik als ein Medium f\u00fcr Reflexion, als eine offene kommunikative Praxis zu verstehen. Musik kann existenzielle Fragen zwar nicht beantworten, aber sie kann R\u00e4ume herstellen, in denen man sich diesen Fragen f\u00fchlend ann\u00e4hern kann.<\/p>\n\n\n\n<p>Mein Selbstverst\u00e4ndnis als Musiker und P\u00e4dagoge ist es, ein T\u00fcr\u00f6ffner zu solchen R\u00e4umen zu sein.<\/p>\n","protected":false},"excerpt":{"rendered":"<p>Ich bin Musiker und Musikp\u00e4dagoge. Musikalische Herangehensweisen, die mir besonders am Herzen liegen sind Improvisation und Community Music. Bevorzugte musikalische Mittel sind analoge Synthesizer und Musiksoftware, Oberton- und Kehlgesang sowie Gitarren in elektrischer und akustischer Form. Ich bin Mitglied im Community Music Netzwerk und Vorstand beim Verein in Gr\u00fcndung lev &#8211; Vermittlung Elektronischer Musik. Meine [&hellip;]<\/p>\n","protected":false},"author":1,"featured_media":0,"parent":0,"menu_order":0,"comment_status":"closed","ping_status":"closed","template":"","meta":{"footnotes":""},"class_list":["post-6","page","type-page","status-publish","hentry"],"_links":{"self":[{"href":"https:\/\/www.schuerig.de\/gisbert\/wp-json\/wp\/v2\/pages\/6","targetHints":{"allow":["GET"]}}],"collection":[{"href":"https:\/\/www.schuerig.de\/gisbert\/wp-json\/wp\/v2\/pages"}],"about":[{"href":"https:\/\/www.schuerig.de\/gisbert\/wp-json\/wp\/v2\/types\/page"}],"author":[{"embeddable":true,"href":"https:\/\/www.schuerig.de\/gisbert\/wp-json\/wp\/v2\/users\/1"}],"replies":[{"embeddable":true,"href":"https:\/\/www.schuerig.de\/gisbert\/wp-json\/wp\/v2\/comments?post=6"}],"version-history":[{"count":12,"href":"https:\/\/www.schuerig.de\/gisbert\/wp-json\/wp\/v2\/pages\/6\/revisions"}],"predecessor-version":[{"id":378,"href":"https:\/\/www.schuerig.de\/gisbert\/wp-json\/wp\/v2\/pages\/6\/revisions\/378"}],"wp:attachment":[{"href":"https:\/\/www.schuerig.de\/gisbert\/wp-json\/wp\/v2\/media?parent=6"}],"curies":[{"name":"wp","href":"https:\/\/api.w.org\/{rel}","templated":true}]}}