{"id":268,"date":"2025-03-09T13:11:55","date_gmt":"2025-03-09T12:11:55","guid":{"rendered":"https:\/\/www.schuerig.de\/gisbert\/?page_id=268"},"modified":"2026-04-15T22:29:42","modified_gmt":"2026-04-15T20:29:42","slug":"polyrhythmic-circle","status":"publish","type":"page","link":"https:\/\/www.schuerig.de\/gisbert\/polyrhythmic-circle\/","title":{"rendered":"Polyrhythmic Circle \/ Circle Singing"},"content":{"rendered":"\n<p>Im Polyrhythmic Circle bzw. Circle Singing kultivieren wir kollektive Improvisation auf polyrhythmischer Basis. Polyrhythmen er\u00f6ffnen Spannungsfelder, die einen Rahmen f\u00fcr gemeinsames Erleben schaffen, sich aber auch ganz individuell navigieren lassen \u2013 mit Stimme, Instrumenten, Bewegung und Tanz. Als Ausgangspunkt nehmen wir die Ges\u00e4nge zentralafrikanischer Pygm\u00e4en, Ans\u00e4tze der <a href=\"https:\/\/www.kubi-online.de\/artikel\/community-music-einfuehrung\">Community Music<\/a> und eigene Kompositionen.<\/p>\n\n\n\n<figure class=\"wp-block-image size-large\"><img loading=\"lazy\" decoding=\"async\" width=\"1024\" height=\"640\" src=\"https:\/\/www.schuerig.de\/gisbert\/wp-content\/uploads\/2025\/01\/Die-Gesaenge-der-Pygmaeen-Bildmotiv-1024x640.jpg\" alt=\"\" class=\"wp-image-259\" srcset=\"https:\/\/www.schuerig.de\/gisbert\/wp-content\/uploads\/2025\/01\/Die-Gesaenge-der-Pygmaeen-Bildmotiv-1024x640.jpg 1024w, https:\/\/www.schuerig.de\/gisbert\/wp-content\/uploads\/2025\/01\/Die-Gesaenge-der-Pygmaeen-Bildmotiv-300x188.jpg 300w, https:\/\/www.schuerig.de\/gisbert\/wp-content\/uploads\/2025\/01\/Die-Gesaenge-der-Pygmaeen-Bildmotiv-768x480.jpg 768w, https:\/\/www.schuerig.de\/gisbert\/wp-content\/uploads\/2025\/01\/Die-Gesaenge-der-Pygmaeen-Bildmotiv-1536x960.jpg 1536w, https:\/\/www.schuerig.de\/gisbert\/wp-content\/uploads\/2025\/01\/Die-Gesaenge-der-Pygmaeen-Bildmotiv-2048x1280.jpg 2048w\" sizes=\"auto, (max-width: 1024px) 100vw, 1024px\" \/><\/figure>\n\n\n\n<p><strong>Termine<\/strong><\/p>\n\n\n\n<p><a href=\"https:\/\/www.vhsit.berlin.de\/VHSKURSE\/BusinessPages\/CourseDetail.aspx?id=778899\">4.\/5.07.2026 Wochenendkurs Polyrhythmic Circle<\/a><\/p>\n\n\n\n<p>Mini-Workshop Circle Singing 19.06.2026, 19-21h<br><a href=\"https:\/\/global-music-academy.net\/de\/\">Global Music Academy, Wildenbruchstr. 80, 12045 Berlin<\/a><br>Anmeldung bei mir per Email  &#8211; Kostenlos, Spende willkommen &#8211; in Zusammenarbeit mit <a href=\"https:\/\/www.grips-theater.de\/de\/unser-haus\/team\/oz-kaveller\/124\">\u00d6z Kaveller<\/a><\/p>\n\n\n\n<p><a href=\"https:\/\/www.schuerig.de\/gisbert\/der-singende-dachs\/\">9.-12.07.2026 Circle Singing auf einem Hof in Brandenburg<\/a><\/p>\n\n\n\n<p><strong>Wer?<\/strong><br><strong>Gisbert Sch\u00fcrig<\/strong>, Diplom-P\u00e4dagoge mit den Schwerpunkten Musiktheorie, Elektronische Musik und Improvisation. Erfahrung in Chorleitung an der <a href=\"https:\/\/global-music-academy.net\/de\/kurs\/obertongesang-und-kehlkopfgesang\/\">Global Music Academy Berlin<\/a>.<br><strong>Jennie Zimmermann<\/strong> lebt als <a href=\"https:\/\/jenniezimmermann.de\/\">Tanz- und Bewegungsp\u00e4dagogin sowie Darstellende K\u00fcnstlerin<\/a> in Berlin. Sie bietet Kurse und Workshops f\u00fcr Contact Improvisation, praktische K\u00f6rperarbeit und Erfahrbare Anatomie an.<\/p>\n\n\n\n<p><strong>Warum?<\/strong><\/p>\n\n\n\n<p>Wir interessieren uns seit mehreren Jahren f\u00fcr die polyrhythmischen Ges\u00e4nge der Pygm\u00e4en. In 2013 haben wir bei einem <a href=\"https:\/\/www.youtube.com\/watch?v=A2ItCvADh9w\">Workshop von Aka Pygm\u00e4en<\/a> (<a href=\"https:\/\/www.youtube.com\/watch?v=jbzYHrYnSqk\">Groupe Ndima<\/a>) aus Zentralafrika teilgenommen. Danach habe wir uns anhand von B\u00fcchern (Simha Arom, Michelle Kisliuk) und Musikaufnahmen eigenst\u00e4ndig weitergebildet.<\/p>\n\n\n\n<p>Inspiriert davon m\u00f6chten wir musikalische M\u00f6glichkeiten, Individualit\u00e4t und Miteinander polyrhythmisch zu verflechten, feiern, pflegen und weitergeben. Wir zielen dabei nicht auf m\u00f6glichst exakte Imitationen, sondern stellen die Frage, wie hier, unter europ\u00e4ischen Bedingungen, polyrhythmische, improvisatorische Musikpraxis bedeutungsvoll sein kann.<\/p>\n\n\n\n<figure class=\"wp-block-image size-large\"><img loading=\"lazy\" decoding=\"async\" width=\"1024\" height=\"654\" src=\"https:\/\/www.schuerig.de\/gisbert\/wp-content\/uploads\/2025\/03\/Gruppenfoto-Die-Gesaenge-der-Pygmaeen-1024x654.jpg\" alt=\"\" class=\"wp-image-272\" srcset=\"https:\/\/www.schuerig.de\/gisbert\/wp-content\/uploads\/2025\/03\/Gruppenfoto-Die-Gesaenge-der-Pygmaeen-1024x654.jpg 1024w, https:\/\/www.schuerig.de\/gisbert\/wp-content\/uploads\/2025\/03\/Gruppenfoto-Die-Gesaenge-der-Pygmaeen-300x192.jpg 300w, https:\/\/www.schuerig.de\/gisbert\/wp-content\/uploads\/2025\/03\/Gruppenfoto-Die-Gesaenge-der-Pygmaeen-768x491.jpg 768w, https:\/\/www.schuerig.de\/gisbert\/wp-content\/uploads\/2025\/03\/Gruppenfoto-Die-Gesaenge-der-Pygmaeen-1536x981.jpg 1536w, https:\/\/www.schuerig.de\/gisbert\/wp-content\/uploads\/2025\/03\/Gruppenfoto-Die-Gesaenge-der-Pygmaeen-2048x1308.jpg 2048w\" sizes=\"auto, (max-width: 1024px) 100vw, 1024px\" \/><\/figure>\n\n\n\n<p><strong>Wie?<\/strong><\/p>\n\n\n\n<p>Wir bieten verschiedene Formate: in 2025 gab es eine Reihe offener Treffen, Wochenend-Kurse.<\/p>\n\n\n\n<p>Dabei stellen wir Kombinationen von Rhythmen und Melodien vor, die dann als Ausgangsbasis f\u00fcr kollektive Improvisationen dienen. Im Mittelpunkt steht dabei der Prozess des musikalischen Miteinanders. T\u00e4nzerische Elemente dienen dazu, Rhythmen in Bewegung zu verankern. Notenkenntnisse sind nicht erforderlich.<\/p>\n\n\n\n<p><strong>Themen<\/strong><\/p>\n\n\n\n<p>&#8211; Rhythmus<\/p>\n\n\n\n<p>&#8211; Polyrhythmik als Navigation zwischen Individualit\u00e4t und Gemeinsamkeit<\/p>\n\n\n\n<p>&#8211; Mehrstimmigkeit<\/p>\n\n\n\n<p>&#8211; Improvisation<\/p>\n\n\n\n<p>&#8211; Jodeln<\/p>\n\n\n\n<p><strong>Videos<\/strong><\/p>\n\n\n\n<p>Workshop Aka Pygm\u00e4en beim Klangfestival Naturstimmen Video 1:<\/p>\n\n\n\n<figure class=\"wp-block-embed is-type-video is-provider-youtube wp-block-embed-youtube wp-embed-aspect-16-9 wp-has-aspect-ratio\"><div class=\"wp-block-embed__wrapper\">\n<iframe loading=\"lazy\" title=\"Aka Pygmy Workshop @ Klangfestival Naturstimmen\" width=\"500\" height=\"281\" src=\"https:\/\/www.youtube.com\/embed\/A2ItCvADh9w?feature=oembed\" frameborder=\"0\" allow=\"accelerometer; autoplay; clipboard-write; encrypted-media; gyroscope; picture-in-picture; web-share\" referrerpolicy=\"strict-origin-when-cross-origin\" allowfullscreen><\/iframe>\n<\/div><\/figure>\n\n\n\n<p>Pygm\u00e4en-Melodie aus einem Workshop von Anita Daulne:<\/p>\n\n\n\n<figure class=\"wp-block-embed is-type-video is-provider-youtube wp-block-embed-youtube wp-embed-aspect-16-9 wp-has-aspect-ratio\"><div class=\"wp-block-embed__wrapper\">\n<iframe loading=\"lazy\" title=\"Pygma\u0308en Melodie\" width=\"500\" height=\"281\" src=\"https:\/\/www.youtube.com\/embed\/Kypq4xaOWpU?feature=oembed\" frameborder=\"0\" allow=\"accelerometer; autoplay; clipboard-write; encrypted-media; gyroscope; picture-in-picture; web-share\" referrerpolicy=\"strict-origin-when-cross-origin\" allowfullscreen><\/iframe>\n<\/div><\/figure>\n\n\n\n<p>Impression von einem Treffen in der Bezirkszentralbibliothek Friedrichshain-Kreuzberg. Gesungen haben wir &#8222;Makala&#8220;, wie Michelle Kisliuk es in <a href=\"https:\/\/www.youtube.com\/watch?v=PJu2vDw1CIg\">diesem Video<\/a> unterrichtet:<\/p>\n\n\n\n<figure class=\"wp-block-embed is-type-video is-provider-youtube wp-block-embed-youtube wp-embed-aspect-16-9 wp-has-aspect-ratio\"><div class=\"wp-block-embed__wrapper\">\n<iframe loading=\"lazy\" title=\"Ges\u00e4nge der Pygm\u00e4en ausprobieren\" width=\"500\" height=\"281\" src=\"https:\/\/www.youtube.com\/embed\/0dmVCd--ODU?feature=oembed\" frameborder=\"0\" allow=\"accelerometer; autoplay; clipboard-write; encrypted-media; gyroscope; picture-in-picture; web-share\" referrerpolicy=\"strict-origin-when-cross-origin\" allowfullscreen><\/iframe>\n<\/div><\/figure>\n\n\n\n<p><strong>Weiterf\u00fchrende Links und Videos<\/strong><\/p>\n\n\n\n<p>Michelle Kisliuk \u00fcber die Ges\u00e4nge der Pygm\u00e4en<\/p>\n\n\n\n<p><a href=\"https:\/\/worldhistorycommons.org\/analyzing-music\">https:\/\/worldhistorycommons.org\/analyzing-music<\/a><\/p>\n\n\n\n<p>BaAka Field Recordings from the Louis Sarno Collection (Central African Republic &amp; Northern Congo)<\/p>\n\n\n\n<figure class=\"wp-block-embed is-type-video is-provider-youtube wp-block-embed-youtube wp-embed-aspect-16-9 wp-has-aspect-ratio\"><div class=\"wp-block-embed__wrapper\">\n<iframe loading=\"lazy\" title=\"BaAka Field Recordings from the Louis Sarno Collection (Central African Republic &amp; Northern Congo)\" width=\"500\" height=\"281\" src=\"https:\/\/www.youtube.com\/embed\/aFcGN6UPBaA?feature=oembed\" frameborder=\"0\" allow=\"accelerometer; autoplay; clipboard-write; encrypted-media; gyroscope; picture-in-picture; web-share\" referrerpolicy=\"strict-origin-when-cross-origin\" allowfullscreen><\/iframe>\n<\/div><\/figure>\n","protected":false},"excerpt":{"rendered":"<p>Im Polyrhythmic Circle bzw. Circle Singing kultivieren wir kollektive Improvisation auf polyrhythmischer Basis. Polyrhythmen er\u00f6ffnen Spannungsfelder, die einen Rahmen f\u00fcr gemeinsames Erleben schaffen, sich aber auch ganz individuell navigieren lassen \u2013 mit Stimme, Instrumenten, Bewegung und Tanz. Als Ausgangspunkt nehmen wir die Ges\u00e4nge zentralafrikanischer Pygm\u00e4en, Ans\u00e4tze der Community Music und eigene Kompositionen. Termine 4.\/5.07.2026 Wochenendkurs [&hellip;]<\/p>\n","protected":false},"author":1,"featured_media":0,"parent":0,"menu_order":0,"comment_status":"closed","ping_status":"closed","template":"","meta":{"footnotes":""},"class_list":["post-268","page","type-page","status-publish","hentry"],"_links":{"self":[{"href":"https:\/\/www.schuerig.de\/gisbert\/wp-json\/wp\/v2\/pages\/268","targetHints":{"allow":["GET"]}}],"collection":[{"href":"https:\/\/www.schuerig.de\/gisbert\/wp-json\/wp\/v2\/pages"}],"about":[{"href":"https:\/\/www.schuerig.de\/gisbert\/wp-json\/wp\/v2\/types\/page"}],"author":[{"embeddable":true,"href":"https:\/\/www.schuerig.de\/gisbert\/wp-json\/wp\/v2\/users\/1"}],"replies":[{"embeddable":true,"href":"https:\/\/www.schuerig.de\/gisbert\/wp-json\/wp\/v2\/comments?post=268"}],"version-history":[{"count":11,"href":"https:\/\/www.schuerig.de\/gisbert\/wp-json\/wp\/v2\/pages\/268\/revisions"}],"predecessor-version":[{"id":479,"href":"https:\/\/www.schuerig.de\/gisbert\/wp-json\/wp\/v2\/pages\/268\/revisions\/479"}],"wp:attachment":[{"href":"https:\/\/www.schuerig.de\/gisbert\/wp-json\/wp\/v2\/media?parent=268"}],"curies":[{"name":"wp","href":"https:\/\/api.w.org\/{rel}","templated":true}]}}